 14?
112792
What is 50376222 (base 8) in base 4?
220133302102
10110001002000 (base 3) to base 10
1831302
What is -60243231 (base 7) in base 3?
-100101021222210
Convert 142533 (base 11) to base 5.
24113133
-1010322100 (base 4) to base 15
-58971
Convert -3232100304 (base 5) to base 14.
-cbc046
What is 31366060 (base 8) in base 4?
121132300300
What is -1413320200 (base 5) in base 14?
-6b0912
What is 512246 (base 11) in base 7?
6664660
Convert -1c1e24 (base 16) to base 4.
-13001320210
What is 143201002 (base 6) in base 3?
12120010122002
Convert 2399145 (base 11) to base 12.
1491381
-87a06 (base 11) to base 6
-2423005
Convert -9252002 (base 10) to base 2.
-100011010010110010100010
What is 2600544 (base 7) in base 11?
20a834
-153421 (base 10) to base 4
-211131031
100011111001000110 (base 2) to base 4
203321012
Convert -25551504 (base 8) to base 14.
-a81976
11031320 (base 6) to base 7
2545323
What is 3a122a (base 12) in base 2?
11101001011000000010
What is 35f (base 16) in base 13?
515
What is 31212203011 (base 4) in base 11?
2016015
Convert -526765 (base 10) to base 4.
-2000212231
What is 7a91348 (base 11) in base 3?
222121122020010
What is 22512040 (base 7) in base 8?
7406576
Convert -301240120 (base 5) to base 8.
-4440375
-3360722 (base 8) to base 15
-12e86d
2104a (base 12) to base 6
532134
What is -129148 (base 14) in base 16?
-9c27c
What is -310032203 (base 4) in base 9?
-355402
Convert 9a140 (base 13) to base 7.
2242053
-1135d (base 15) to base 9
-83107
Convert -9e1f (base 16) to base 7.
-226005
Convert 37527 (base 11) to base 9.
81810
-741806 (base 10) to base 6
-23522142
-80206 (base 13) to base 11
-146a1a
Convert 779a05 (base 12) to base 9.
3521675
-2021200001121 (base 3) to base 16
-128584
Convert -a02b3 (base 16) to base 4.
-2200022303
What is 15808205 (base 10) in base 3?
1002202010210002
What is 23a1b3 (base 15) in base 4?
12200031000
Convert 121433111 (base 5) to base 11.
3647a1
35643050 (base 7) to base 4
30012001100
-2295d (base 16) to base 7
-1130002
What is 823f70 (base 16) in base 10?
8535920
-141cd0c (base 14) to base 2
-100101001101100001110000
Convert -602404 (base 10) to base 15.
-bd754
1386225 (base 11) to base 7
26142026
4e347 (base 15) to base 16
3d27c
111101101111101011100 (base 2) to base 12
816a50
-120110111100 (base 3) to base 6
-10305013
-2ada6 (base 16) to base 7
-1330511
What is -3600250 (base 7) in base 9?
-761587
Convert -110020200020 (base 3) to base 12.
-b7606
-231102001310 (base 4) to base 9
-24302018
Convert 473306 (base 8) to base 6.
3243330
What is 2d3d36 (base 16) in base 10?
2964790
Convert -142344551 (base 7) to base 12.
-31723a5
Convert e9e273 (base 15) to base 9.
22850820
What is 1200234 (base 6) in base 11?
42899
-311022233 (base 4) to base 15
-447d5
What is -1325414 (base 6) in base 8?
-220122
What is 332310110 (base 4) in base 9?
431848
What is c118b (base 15) in base 5?
124024411
What is -2243323322 (base 5) in base 2?
-10011010010110110101010
What is 76ed7 (base 15) in base 11?
238a86
Convert -551883 (base 10) to base 6.
-15455003
-aa343 (base 11) to base 6
-3233202
Convert 77796 (base 13) to base 11.
138820
What is 1000101000111111 (base 2) in base 12?
18593
What is -2403481 (base 9) in base 3?
-2110010112201
What is -3640905 (base 10) in base 12?
-1277009
-111103331 (base 5) to base 6
-14243034
Convert 1330031222 (base 4) to base 12.
206522
-722765 (base 8) to base 4
-322113311
What is 166072 (base 9) in base 16?
191c6
Convert 1c23 (base 15) to base 7.
23544
Convert -12101022002 (base 3) to base 10.
-105923
4625642 (base 8) to base 13
34cb08
What is 66b54 (base 13) in base 9?
313715
What is 110111001110110010 (base 2) in base 13?
7bc80
-2025503 (base 7) to base 2
-111011000110001111
b2680 (base 12) to base 4
320301000
-52563706 (base 8) to base 13
-24220b5
What is 21383035 (base 9) in base 11?
5915562
What is 132b76 (base 12) in base 16?
4d30a
What is -2247546 (base 8) in base 5?
-124011100
Convert 202021330 (base 4) to base 7.
1121605
-6c66c (base 15) to base 6
-11224250
-323362 (base 8) to base 15
-22134
Convert 354c1 (base 15) to base 16.
29767
235aa1 (base 13) to base 4
3031111303
What is 493204 (base 10) in base 2?
1111000011010010100
-1011101011000100001101 (base 2) to base 12
-10369a5
What is 11115331 (base 6) in base 13?
ba442
22055144 (base 8) to base 3
22220220102201
421c03 (base 14) to base 16
22138b
Convert 213332312 (base 5) to base 7.
10541616
Convert -110011110000010010 (base 2) to base 11.
-1352a5
232672 (base 13) to base 4
3023203222
Convert 204c15 (base 14) to base 9.
2038734
Convert -20313113320 (base 4) to base 11.
-1348031
What is 198103 (base 11) in base 13?
a8253
10110011000110110 (base 2) to base 7
531232
-a99b44 (base 14) to base 2
-10101111100000001110000
Convert -3533245 (base 10) to base 15.
-49bd4a
Convert -11a1941 (base 12) to base 8.
-15111001
What is -1220110312 (base 4) in base 12?
-18735a
What is -2631774 (base 8) in base 4?
-2303033330
What is b4a293 (base 12) in base 16?
2b4d0f
What is -a532a (base 12) in base 11?
-1386a8
-10622207 (base 8) to base 11
-13333a8
Convert -a834a (base 11) to base 4.
-212130203
What is 5618223 (base 9) in base 10?
3024075
Convert -e0c3 (base 16) to base 3.
-2220221002
Convert 36d25a (base 16) to base 15.
4ae7e9
What is 36d1ba (base 15) in base 3?
11221102101211
What is 2959195 (base 11) in base 12?
184a79a
Convert -14b9cc (base 15) to base 3.
-1212212102010
261510 (base 14) to base 10
1309882
What is 22333000301 (base 4) in base 3?
12102021222112
-19462 (base 15) to base 13
-2b421
What is 665521 (base 10) in base 11?
41501a
-799091 (base 12) to base 6
-105400301
What is 48450 (base 13) in base 6?
2501413
What is 11100012 (base 3) in base 13?
1595
b476 (base 15) to base 10
38136
-73110 (base 8) to base 5
-1432110
200101211110200 (base 3) to base 15
cd27d3
-22130023 (base 4) to base 16
-a70b
-1cbdd (base 16) to base 14
-30c8d
What is -231201001212 (base 4) in base 14?
-182843c
-122410312 (base 5) to base 8
-2202744
b44691 (base 12) to base 5
1210443411
Convert -13124222 (base 8) to base 15.
-3cc2ad
-3962a77 (base 11) to base 16
-689d08
108ba81 (base 12) to base 8
14064101
What is -65703 (base 11) in base 2?
-10111010001110111
What is -1e32e (base 16) in base 2?
-11110001100101110
630004 (base 8) to base 10
208900
Convert -2122020012212 (base 3) to base 12.
-577435
3c8a4 (base 14) to base 16
24980
Convert -46231031 (base 7) to base 6.
-222341252
Convert 6097b (base 12) to base 6.
2410235
What is -55323016 (base 7) in base 14?
-8bd70d
Convert 4045213 (base 8) to base 12.
435a37
Convert -207202 (base 9) to base 5.
-12421430
-4fbc8 (base 16) to base 12
-139008
-200000121121112 (base 3) to base 4
-210202121000
Convert -c95b1b (base 13) to base 2.
-10010000001101010111001
-1432351 (base 6) to base 14
-21d6b
1220030000 (base 4) to base 8
1501400
What is -25b006 (base 12) in base 11?
-3940a2
Convert 231103 (base 7) to base 10.
41212
Convert -113000323203 (base 4) to base 2.
-10111000000111011100011
What is -3024671 (base 8) in base 6?
-25030201
What is 20201220121 (base 3) in base 8?
403005
Convert -176252 (base 10) to base 6.
-3435552
What is 736055 (base 8) in base 7?
2036435
Convert 28505 (base 12) to base 11.
390a9
101010110100010100 (base 2) to base 3
22220120120
-2453450 (base 7) to base 15
-6387b
Convert 21351752 (base 8) to base 15.
605dc4
-110002100011 (base 3) to base 9
-402304
-1c7b5aa (base 13) to base 6
-535435432
Convert 114524242 (base 6) to base 16.
216542
Convert -ba5372 (base 12) to base 8.
-13210706
What is 18990a (base 13) in base 11?
3946a3
Convert 2223430 (base 7) to base 3.
111222011201
What is 34871 (base 15) in base 6?
3330241
Convert 152505203 (base 7) to base 12.
3500a95
Convert 1021303300 (base 4) to base 5.
34133240
What is -12014102 (base 5) in base 2?
-11010111110111111
What is 79686 (base 11) in base 14?
3002a
What is -121144 (base 13) in base 11?
-274770
3015533 (base 6) to base 14
39d3b
What is 1103020020 (base 4) in base 6?
11144200
-4216401 (base 7) to base 16
-7c3c2
What is 3153957 (base 11) in base 9?
11404683
Convert -1540322 (base 6) to base 13.
-3246b
5303 (base 12) to base 7
35313
What is 63b787 (base 14) in base 11?
19a4922
Convert 23301041 (base 6) to base 7.
6102031
-4a778 (base 11) to base 15
-